a) = 14 + a + 4*a - 12*a + 8*a. Let p be h(-10). Suppose -p*v + 5*v = 60. What is the units digit of v?
0
Suppose -76*q - 42*q = -344906 - 1307566. What is the tens digit of q?
0
Let i be (13 - (-1 - -10)) + (-1 - -1). Suppose -i*q + 2211 = -161. What is the tens digit of q?
9
Suppose 4*b + 4*w = 49 + 39, 4*b - 3*w - 81 = 0. Suppose -17*k = i - b*k - 266, -2*i - k = -577. What is the units digit of i?
6
Suppose -4*h - 3*g = -21, -15 = -h - 5*g + g. Let u(o) = 106*o. What is the units digit of u(h)?
8
What is the tens digit of 8/14 + (-30 - 537960/(-56))?
7
Suppose 17*s - 12*s + 2381 = 4*y, -3*s + 2967 = 5*y. Suppose -3*c = 9*f - 14*f - y, -2*c + 5*f + 396 = 0. What is the hundreds digit of c?
1
Let t = -3849 + 4648. What is the tens digit of t?
9
Suppose n - 396 = -8*b + 12*b, 4*n = -b + 1550. Suppose -n = -3*s + 914. What is the units digit of s?
4
Suppose -11 = g - 11. Suppose 4*q + 124 - 44 = g. What is the hundreds digit of 112/q*(-65)/2?
1
Let c(p) = 34*p**2 - 8*p - 10. Let v be c(9). Let r = v - 1630. What is the thousands digit of r?
1
Let d(q) = 2*q**3 + 136*q**2 + 147*q - 185. What is the tens digit of d(-66)?
3
Suppose -3*u + 1240 = -10265. What is the thousands digit of u?
3
Let o(d) be the second derivative of -791*d**3/6 - 17*d**2/2 + d - 112. What is the tens digit of o(-1)?
7
Let v = -264 - -273. Suppose -2227 - 437 = -v*q. What is the units digit of q?
6
Suppose -232*j - 4*y - 66860 = -239*j, -47762 = -5*j - 2*y. What is the thousands digit of j?
9
Suppose -35*c + 18*c = -21114. Let m = 1820 - c. What is the tens digit of m?
7
Let j = 67435 + -21437. What is the units digit of j?
8
Let f = -986 - -4787. What is the hundreds digit of f?
8
Let x = 236870 - 168265. What is the thousands digit of x?
8
Suppose 0 = 7*k + 12*k - 14*k. Suppose k*m + 9*m - 6687 = 0. What is the units digit of m?
3
Let h be 32 - (12/4 + 1). Suppose 5*k = 4*i - h, -2*k + i = -4*k - 6. Let v = k - -51. What is the tens digit of v?
4
Let r = 6591 + 3096. What is the units digit of r?
7
Let n = 22 - 20. Suppose -h + 10 = 2*y, -2*y = -n*h + h - 14. Suppose -2*x + y*x - 772 = -4*w, 4*x = 4*w + 796. What is the hundreds digit of x?
1
Suppose 36*i - 40*i + 16 = 0. Suppose -3*t = -i*g - 6376, -2*t + 5*g = -880 - 3380. Suppose 0 = -2*o - 8*o + t. What is the tens digit of o?
1
Let i(b) = 131*b**2 + 15*b - 28. What is the tens digit of i(9)?
1
Let w be 22/(-1*14/(-371)). Suppose -465 - w = -4*g. What is the tens digit of g?
6
Let t(j) = 2*j**2 - 5*j + 14. Suppose 0 = -4*k - 3*n + 211, 5*n - 216 - 49 = -5*k. Let h = k + -48. What is the tens digit of t(h)?
2
Suppose 0*h - 4*h + 16 = 4*u, -4*u + 16 = 5*h. Suppose 4*n + 5*r = 309 + 282, h = 5*n + r - 723. What is the hundreds digit of n?
1
Suppose 0 = 67*m - 711790 + 259607. What is the units digit of m?
9
Let h(k) = k**3 + 13*k**2 + 9*k - 30. Let o be h(-12). Suppose 4 = 4*c, -o*u + c + 467 = -3*u. What is the tens digit of u?
5
Let j(n) = -n**2 + 12*n - 4. Let h be j(11). What is the thousands digit of (h - -1) + (5 - -1076)?
1
Let q be (-2)/((-8)/20) - -3 - 3. Suppose 325 + 1580 = q*y. What is the tens digit of y?
8
Let l(r) = 16*r**2 - 64*r + 8049. What is the tens digit of l(60)?
0
What is the ten thousands digit of (702528/(-240))/((-8)/130)?
4
Let n = -2665 + 1051. What is the tens digit of (3*n/9)/(-2)?
6
Let t(c) = 1789*c**2 + 60*c - 61. Let p be t(1). What is the tens digit of (27/(-12))/(-2 - (-3573)/p)?
4
Let n = 7072 + 2695. What is the units digit of n?
7
Let d = 515 - 963. Let w(h) = -7*h**2 - 8*h - 7. Let n be w(6). Let r = n - d. What is the units digit of r?
1
Let b(v) = -13*v**3 - 5*v**2 + 975. Let z(c) = 37*c**3 + 14*c**2 - 2924. Let d(q) = -17*b(q) - 6*z(q). What is the tens digit of d(0)?
6
Suppose -108 = -5*k - 88. Suppose 1866 = k*w - 4*f - 838, 5*w + f - 3350 = 0. What is the units digit of w?
1
Suppose 3 + 33 = -12*r. What is the tens digit of (0 - -99 - (2 - -2)) + r?
9
Suppose 3*t - n = 6350, 59*n - 57*n + 4240 = 2*t. What is the hundreds digit of t?
1
What is the thousands digit of 10/(-4)*(-166080)/150 + 4?
2
Suppose -9468 - 3466 = -17*r + 5919. What is the units digit of r?
9
Let i = 102327 - 45604. What is the ten thousands digit of i?
5
What is the ten thousands digit of 26186 - ((-10)/(-5 - 0))/(2/(-4))?
2
Let n(m) = 2*m**2 + 27*m - 9. Let f(i) = -i + 30. Let a be f(12). Let c be n(a). Suppose 0*s - c = -9*s. What is the tens digit of s?
2
What is the thousands digit of (-53074875)/(-1050) + 6/4?
0
Suppose -75*g + 121054 - 50221 = -86442. What is the thousands digit of g?
2
Let j = -1867 + 1978. What is the units digit of j?
1
Let u be (-2)/(17 - 3)*-7. Let b(i) = 1 - 4 - i + 42*i**2 + 4*i + 0*i. What is the units digit of b(u)?
2
Let b(m) = 3*m**3 - m**2 - m + 1. Let h be b(1). Let l = 24 + -20. Suppose 51 = s - h*q, s - 5*q = -l*s + 260. What is the units digit of s?
3
Let y be (-323)/5 + 12/(-5) + 3. Let l = 114 - y. What is the units digit of l?
8
Suppose 0 = -9*l - 99 + 324. Suppose l = -0*p + p - f, 3*f - 72 = -4*p. Let j = 7 + p. What is the tens digit of j?
2
What is the thousands digit of 2538 - (-3 - (-54)/(-9))?
2
Let x(w) be the first derivative of -w**4/4 - 2*w**3 + 19*w**2/2 + 20*w + 65. What is the units digit of x(-11)?
6
Suppose -136*w - 52*w = 253551 - 2775195. What is the tens digit of w?
1
Suppose 0 = -3*a, -2*z - 28*a = -24*a - 3688. What is the thousands digit of z?
1
What is the thousands digit of (0 - 2) + (-41)/(656/(-51744))?
3
Let l(y) = 1600*y**3 + 9*y**2 - 14*y - 17. What is the units digit of l(3)?
2
Let q = 51 - 46. Suppose 327 = 7*m - 6*m - p, q*p + 15 = 0. What is the tens digit of m?
2
Let i = -53 - -49. Let c be 1 - 522 - 2*2/i. Let z = -258 - c. What is the hundreds digit of z?
2
Let k(j) = 96*j - 7*j**2 + 20*j**2 - 112*j - 6. What is the thousands digit of k(10)?
1
Let j(v) = -305*v - 2782. What is the tens digit of j(-33)?
8
Let p be -2 + 0/(-1) - (-49)/7. Suppose 3*h + p*j - 2 = 385, 5*j = -2*h + 258. What is the hundreds digit of h?
1
Suppose -2*x + 18 = -2*q - 642, -2*q - 1312 = -4*x. Suppose 6*h = 4*h - 2*d + x, 0 = -h + 3*d + 171. What is the units digit of h?
5
Let w be (0 - 6) + 4/1. Let d be 1/w + (-2540)/(-8). Suppose -5*b + d = 4*j, -b - 3*j + 64 = -2*j. What is the tens digit of b?
6
Suppose -67*m + 76*m = 4104. Let b = -377 + m. What is the tens digit of b?
7
Suppose -14 = 5*u - 4. Let q(o) = 2. Let w(t) = 66*t**2 + 5*t + 13. Let j(k) = -4*q(k) + w(k). What is the hundreds digit of j(u)?
2
What is the ten thousands digit of (-104)/(-24)*(10 - -4373)?
1
Let v(a) = -a**3 + 14*a**2 + 9*a. Let d = -257 - -150. Let f = -93 - d. What is the hundreds digit of v(f)?
1
Suppose 15*o - 111 + 36 = 0. Suppose 1610 = j - o*z, 4*j - 3*z - 3192 = 2*j. What is the hundreds digit of j?
5
Let d(u) = -23*u**3 + 33*u**2 + 492*u - 74. What is the ten thousands digit of d(-11)?
2
Let c(l) be the first derivative of l**2/2 - 5*l - 45. Suppose 2*k - 2*m - 20 = k, 5*m + 57 = 3*k. What is the units digit of c(k)?
9
Let t(g) = 543*g**3 - 3*g**2 + 8*g - 14. What is the units digit of t(2)?
4
Let t(x) = 5*x**2 - 8 + 9*x + 2*x**3 - 3 + 5 + 0*x**3. What is the hundreds digit of t(4)?
2
Let f = 46 + -52. What is the hundreds digit of 275 - f*10/15?
2
Suppose -3*l - 9 = -4*l. Let w = 7 - l. What is the units digit of (-1)/(-1)*w*(-95 + 12)?
6
Suppose 0 = v - g - 3376, g + 5886 + 865 = 2*v. What is the hundreds digit of v?
3
Let n(h) = -h**3 - 9*h**2 + 3. Let a be n(-9). Suppose -149 = a*i + 103. Let v = i + 149. What is the units digit of v?
5
Let l(z) = -35*z**2 + 4*z + 4. Let m be l(3). Let d = 593 + m. What is the units digit of d?
4
Let j be -12 + -1 + 6 + 595. Let g = -274 + j. What is the tens digit of g?
1
Suppose 4*l = 4*m + 4, 3 = l + 3*m - 10. Suppose 133 = 5*r + 3*d - 779, 0 = -l*r + 2*d + 734. What is the hundreds digit of r?
1
Let j(z) = -z**2 + 5. Let t be j(0). Suppose t*q - 3*q - 4*l - 600 = 0, l = -2. Let c = q - 200. What is the tens digit of c?
9
Let d(m) = 2429*m + 213. What is the tens digit of d(2)?
7
Let z(p) be the first derivative of 124*p + 24 - 7/2*p**2. What is the tens digit of z(0)?
2
Suppose 15*y - 18*y + 12 = 0. Suppose 0 = -3*a - 3*o + 174, 0*o = -y*a - o + 241. Suppose 165 - a = 3*w - 4*n, 3*w = -5*n + 113. What is the units digit